ase 16) to base 10.
12928
What is 200220 (base 4) in base 13?
c48
-1147 (base 8) to base 6
-2503
What is 1001110010110101 (base 2) in base 4?
21302311
What is -4320 (base 6) in base 8?
-1730
3512 (base 6) to base 14
43a
21c0 (base 13) to base 16
126f
-322 (base 9) to base 15
-128
What is -11001010000 (base 2) in base 4?
-121100
Convert 20442 (base 5) to base 11.
1038
2200200220 (base 3) to base 12
26806
243451 (base 6) to base 11
1521a
What is 144110 (base 6) in base 9?
21016
What is 1223220 (base 4) in base 6?
51520
Convert 23230 (base 5) to base 15.
77a
-901 (base 16) to base 7
-6502
-283 (base 14) to base 15
-23c
4450 (base 7) to base 9
2171
Convert 1200120020 (base 3) to base 13.
12171
-11022200 (base 3) to base 8
-6116
Convert -10100 (base 6) to base 16.
-534
Convert 20321 (base 7) to base 12.
2a58
Convert 11a8c (base 13) to base 3.
1122200002
What is b3 (base 13) in base 11?
123
What is 321 (base 11) in base 16?
182
11be (base 15) to base 9
5158
What is -61b (base 12) in base 6?
-4035
Convert 102130 (base 4) to base 11.
983
Convert -2313 (base 5) to base 9.
-410
210221021 (base 3) to base 13
7381
-2112321 (base 4) to base 3
-111020200
303310 (base 4) to base 11
2545
-12e (base 16) to base 11
-255
100112 (base 3) to base 12
195
-111 (base 11) to base 8
-205
Convert 409 (base 15) to base 2.
1110001101
Convert -100110011000001 (base 2) to base 9.
-28852
What is 61a0 (base 12) in base 10?
10632
What is 67656 (base 8) in base 7?
146232
What is 10010100 (base 2) in base 14?
a8
Convert -110000000100010 (base 2) to base 6.
-305534
-111111110001 (base 2) to base 6
-30521
What is 330013 (base 5) in base 11?
8505
-170e (base 16) to base 15
-1b37
Convert 16464 (base 7) to base 14.
19db
Convert 1030312 (base 4) to base 16.
1336
What is 3100 (base 8) in base 14?
824
What is -200213 (base 4) in base 16?
-827
What is 655 (base 7) in base 4?
11032
What is cd (base 16) in base 3?
21121
What is -2002 (base 6) in base 13?
-275
What is -1134 (base 5) in base 14?
-c1
Convert -12102010 (base 3) to base 14.
-161b
What is 12499 (base 12) in base 4?
12010311
What is 114b (base 15) in base 7?
13463
Convert 2211200 (base 3) to base 7.
6015
Convert -865 (base 15) to base 6.
-12435
-12392 (base 13) to base 11
-23259
47408 (base 10) to base 16
b930
Convert 160a (base 14) to base 4.
331122
What is 1001100101001 (base 2) in base 12?
2a09
Convert -17a (base 11) to base 6.
-544
Convert 1010001001001010 (base 2) to base 11.
2923a
-18a (base 14) to base 13
-1b6
21513 (base 6) to base 10
2997
-1458 (base 15) to base 16
-1106
Convert -4a67 (base 13) to base 10.
-10563
-1bc1 (base 16) to base 2
-1101111000001
What is -117 (base 15) in base 13?
-160
2012221 (base 3) to base 16
652
Convert b18 (base 12) to base 15.
71e
What is -2138 (base 12) in base 10?
-3644
What is 300210 (base 4) in base 3?
11021010
3477 (base 8) to base 9
2481
-30001 (base 4) to base 10
-769
Convert 27 (base 12) to base 11.
29
Convert -617 (base 12) to base 13.
-52c
-303 (base 9) to base 5
-1441
Convert 320202 (base 4) to base 6.
24430
Convert 1293 (base 10) to base 14.
685
What is ab7e (base 16) in base 6?
535130
-1001210 (base 4) to base 11
-3175
-3986 (base 10) to base 14
-164a
-1031012 (base 5) to base 12
-a254
Convert 3cb8 (base 14) to base 11.
808a
What is 1112210120 (base 3) in base 10?
30471
-6057 (base 8) to base 6
-22235
-15143 (base 6) to base 13
-1158
-223153 (base 8) to base 14
-1d679
What is 55602 (base 7) in base 5?
422031
What is -120111 (base 3) in base 10?
-418
Convert -24036 (base 8) to base 13.
-48a0
2000220002 (base 3) to base 15
bccb
Convert -5d5 (base 16) to base 8.
-2725
What is 1267 (base 11) in base 10?
1646
Convert -2210120011 (base 3) to base 16.
-d72c
2555 (base 6) to base 10
647
What is 2cd7 (base 15) in base 9?
14214
Convert 102122111 (base 3) to base 15.
27b1
What is 829 (base 13) in base 8?
2553
What is 101011010110010 (base 2) in base 8?
53262
What is -859 (base 15) in base 2?
-11101011100
What is 2022122 (base 3) in base 6?
11455
Convert -673 (base 9) to base 2.
-1000101000
-521 (base 10) to base 3
-201022
Convert 850 (base 9) to base 10.
693
-100010100000 (base 2) to base 3
-10000210
-63d (base 16) to base 3
-2012011
What is 111100 (base 2) in base 5?
220
Convert -5120 (base 9) to base 16.
-ea0
Convert -11a25 (base 11) to base 15.
-5174
-2021201 (base 3) to base 2
-11010000010
Convert 310a6 (base 11) to base 10.
45370
Convert -1a21 (base 12) to base 4.
-301321
What is 5540 (base 9) in base 12?
2446
What is -336 (base 11) in base 2?
-110010010
Convert 1196 (base 11) to base 13.
92a
What is 4105 (base 12) in base 7?
26405
Convert -72727 (base 9) to base 2.
-1011101101101001
What is 305315 (base 6) in base 11?
17478
-162c (base 13) to base 11
-2494
Convert 19c5 (base 14) to base 10.
4681
Convert 3702 (base 12) to base 6.
44402
Convert 47 (base 14) to base 10.
63
Convert -2400 (base 8) to base 14.
-676
3626 (base 8) to base 10
1942
25cc9 (base 13) to base 11
488aa
What is -1010001110 (base 2) in base 6?
-3010
Convert -7ac (base 14) to base 2.
-10111110100
Convert 111011100 (base 2) to base 15.
21b
Convert 599a (base 11) to base 12.
4665
What is 5642 (base 10) in base 6?
42042
What is 101101100111 (base 2) in base 12?
1833
What is 423 (base 6) in base 7?
315
10210111 (base 3) to base 9
3714
7008 (base 12) to base 5
341404
Convert -3223 (base 5) to base 13.
-279
-40465 (base 9) to base 11
-19007
Convert 555 (base 13) to base 14.
495
Convert 20100 (base 3) to base 6.
443
Convert 744 (base 9) to base 15.
2a7
What is 11216 (base 8) in base 16?
128e
What is 31345 (base 7) in base 13?
3694
3aa24 (base 11) to base 4
32101211
Convert 2478 (base 10) to base 4.
212232
92 (base 13) to base 11
a9
Convert -8c (base 15) to base 4.
-2010
-100110010101000 (base 2) to base 6
-230504
What is beb (base 15) in base 6?
20252
Convert 474 (base 8) to base 9.
381
What is -ddb (base 14) in base 7?
-10664
What is 509b (base 13) in base 15?
345d
Convert 5507 (base 8) to base 12.
1807
What is 614 (base 16) in base 8?
3024
What is 20670 (base 8) in base 4?
2012320
What is 25b70 (base 12) in base 15?
10520
-10530 (base 6) to base 14
-78a
-23201 (base 4) to base 16
-2e1
What is 234 (base 7) in base 11?
102
What is -268a (base 12) in base 11?
-3364
Convert 43eb (base 16) to base 13.
7bb6
What is 1000110011 (base 2) in base 7?
1433
What is 100010010 (base 2) in base 13?
181
What is 2424 (base 7) in base 16?
384
Convert 10c76 (base 13) to base 15.
915b
2023321 (base 4) to base 9
13247
-5262 (base 7) to base 5
-24412
-3144 (base 8) to base 6
-11324
What is -121110 (base 4) in base 9?
-2200
Convert 1201002 (base 3) to base 4.
103130
Convert -6647 (base 14) to base 6.
-213543
What is 24033 (base 6) in base 14?
13a5
What is 1101210211 (base 3) in base 11?
19787
Convert -526a (base 16) to base 14.
-7990
What is -20100 (base 6) in base 4?
-221010
Convert 5cf (base 16) to base 11.
1132
-18020 (base 10) to base 15
-5515
Convert 3332 (base 5) to base 6.
2055
Convert 2ee1 (base 15) to base 9.
14774
Convert -13202232 (base 4) to base 10.
-30894
What is -5453 (base 6) in base 3?
-1201120
Convert 1312 (base 6) to base 11.
282
What is 3a3d (base 14) in base 4?
2200013
2856 (base 9) to base 16
86d
-949 (base 16) to base 7
-6634
What is 2c6 (base 14) in base 9?
688
What is 15956 (base 10) in base 12?
9298
What is 111110 (base 4) in base 9?
1775
Convert 112 (base 11) to base 10.
134
What is 1215 (base 6) in base 15?
14e
Convert 22100011 (base 3) to base 14.
2303
What is -278c (base 14) in base 16?
-1b48
Convert 1aa2 (base 12) to base 2.
110011011010
What is 37 (base 10) in base 3?
1101
-110200 (base 4) to base 5
-20222
Convert 1371 (base 8) to base 9.
1035
-127a (base 11) to base 16
-67c
40a9 (base 15) to base 2
11010101011011
Convert 1020111221 (base 3) to base 10.
24433
What is 41a (base 11) in base 5?
4010
What is -202120221 (base 3) in base 14?
-5682
What is -76 (base 15) in base 10?
-111
What is 1233101 (base 4) in base 7?
26522
Convert 5762 (base 9) to base 14.
17ac
Convert 24044 (base 5) to base 12.
103a
Convert 4535 (base 7) to base 2.
11001101011
What is -22201210 (base 3) in base 9?
-8653
Convert -143031 (base 6) to base 15.
-4087
-2346 (base 7) to base 14
-45d
88c (base 14) to base 15
77c
-20110 (base 4) to bas